+ l + 10, c = -5*l - 25 + 7. Suppose -o - c*o + 36 = 0. Suppose 5*n - 159 = 4*u, n + o = 3*u + 35. What are the prime factors of n?
5, 7
Suppose 5*f - 113*k - 3919 = -116*k, 0 = 5*f + 2*k - 3921. List the prime factors of f.
5, 157
Suppose 9 = -i + 4, 0 = 4*u + i - 3751. What are the prime factors of u?
3, 313
Let h(t) = t**3 - 7*t**2 + 8*t. Let b be h(6). Suppose 4*v = 4*u - b, 0*u - 3*v - 1 = -u. What are the prime factors of 196/6 - u/(-12)?
3, 11
Suppose -6*v + 282 = -228. List the prime factors of v.
5, 17
What are the prime factors of (24/30)/(3 - (-8369)/(-2790))?
2, 3, 31
Suppose 68*v = 79*v - 6039. What are the prime factors of v?
3, 61
Let a be (-5)/35 + 4/56*15122. Suppose -13*f = -23*f + a. List the prime factors of f.
2, 3
Let f(k) = -174*k - 53. Let q be f(-7). Suppose 2*m + 3*m - q = 0. List the prime factors of m.
233
Let x be (12/(-10))/(4 + (-2314)/580). Let f = -85 - x. List the prime factors of f.
31
Let i = -383 + 1487. What are the prime factors of i?
2, 3, 23
Let a = 3245 - 2806. What are the prime factors of a?
439
Let z = 46 + -32. Let m = z + -10. Suppose 21 = 2*s + p, 4*s - m*p = 20 + 40. What are the prime factors of s?
2, 3
Let b be 10/(-15) - (-8)/3. Suppose 5*w + 2*g = 15, -15 = -6*w + w + 3*g. Suppose 5*q + b*y = 57, -w*q - q - y + 45 = 0. List the prime factors of q.
11
Let l(s) = 2*s - 8. Let a be l(4). Suppose 2 = i, -3*i + a*i = 2*c - 6. Suppose 5*g - 15 = -c. What are the prime factors of g?
3
Let l(g) = 4*g**2 - 5*g - 5. Let o = -15 + 12. List the prime factors of l(o).
2, 23
Let v(s) = -s**3 - s**2 - 2*s + 48. Let y be (-2)/(-3) - 4/6. Let n be v(y). Let a = 2 + n. What are the prime factors of a?
2, 5
Suppose p - 3*r - 322 = 0, -5*p + 5*r + 880 = -720. List the prime factors of p.
11, 29
Suppose 27516 = -8*m + 20*m. What are the prime factors of m?
2293
Suppose -3*z + 5 = 2*b + 12, 5*z = -2*b - 13. Let p be 1/(0 + 1) - z. Suppose 3*d + 2*a = 64, 3*d - 5*d - p*a + 56 = 0. What are the prime factors of d?
2, 3
Let o(m) = -148*m + 44. List the prime factors of o(-3).
2, 61
Let y = -67 - -89. Suppose 9 = -3*b, 0 = 3*g + 3*b + y - 166. List the prime factors of g.
3, 17
Suppose -198 = 4*r - 10*r. Let c = r + 7. What are the prime factors of c?
2, 5
Suppose 0 = -6*b + 9*b - 180. Suppose -3*x = -3*k - b, x + 2*x - 5*k - 60 = 0. What are the prime factors of x?
2, 5
Suppose 4*x + 4*d = 9052, -2*d + 9025 = 4*x - 7*d. List the prime factors of (-3)/(-18) + (x/(-24))/(-5).
19
Suppose 3*f + 13 = -k, 5*f + 52 - 17 = 5*k. Suppose 0*n - k*n + 64 = 0. List the prime factors of n.
2
Let c = 5006 + -2430. List the prime factors of c.
2, 7, 23
Let c(i) = -4*i**3 - i**2 + 3*i + 2. Let d be c(-1). What are the prime factors of (-2 - (-3)/d)*(-1 + -97)?
7
Let z be 20 + 8/(24/9). Suppose p - 19 = z. List the prime factors of p.
2, 3, 7
Let v = -529 - -962. What are the prime factors of v?
433
Let r(t) = -27*t**2 - 410*t + 2. What are the prime factors of r(-5)?
3, 17
Let q(t) = -t**2 - 18*t + 28. Let j be q(-16). Let r = 16 + j. What are the prime factors of r?
2, 19
Let x(m) = -m**3 - 5*m**2 + 4*m + 8. Let z be 4/6*(-264)/16. Let u = 5 + z. What are the prime factors of x(u)?
2, 5
Let l = 139 + 895. What are the prime factors of l?
2, 11, 47
Let k = 23 - 35. List the prime factors of k*(5 - 12) + 2.
2, 43
Let b(s) = -s**2 - 3*s + 18. Let q be b(-5). Let n(d) = d**2 + d - 18. What are the prime factors of n(q)?
2, 3
Let b be 4/5 + 18/15. Suppose 32 = a + b*g, 2*g = 5*a + 3*g - 187. List the prime factors of a.
2, 19
Suppose -17240 = -24*u + 38512. List the prime factors of u.
23, 101
Let n(d) = -3*d + 0*d - 35 + 6*d. Let h(i) = -i + 1. Let b(f) = -4*h(f) - n(f). List the prime factors of b(-13).
2, 3
Let n(w) = -w**2 + 50. Let i be n(0). Suppose -1722 = -4*y - i. What are the prime factors of y/11 + (-1 - -4)?
41
Let k = 7500 - 4083. List the prime factors of k.
3, 17, 67
Let l be (-5 + (-14)/(-6))/((-4)/6). What are the prime factors of (-3 - (0 - l))/((-1)/(-113))?
113
Let z(k) = 20*k - 1. Let w be z(-6). Let b = 42 + -45. What are the prime factors of 4/6 + w/b?
41
Let s(c) = 9*c - 16. Let k be s(-7). Let l = 142 + k. List the prime factors of l.
3, 7
Let r(z) = -33*z - 47. Let t be r(-19). Suppose 4*a + t = 4*q, 432 = q + 2*q - 4*a. What are the prime factors of q?
2, 37
Let a(m) = -m**3 - 7*m**2 + 6*m - 2. Let x be a(-8). Let u(q) = 1 + 0 - 14 - 1 + x*q. What are the prime factors of u(4)?
2, 3, 7
Let l = -27 + 31. Let s(k) = -l*k**3 + k - 9 + 2*k**3 + 3*k**3 - 2*k - 3*k**2. List the prime factors of s(5).
2, 3
Suppose -8528 = 3*o - 16*o. List the prime factors of o.
2, 41
Let f = 11 + -12. Let h(r) = 50*r**2 + r. List the prime factors of h(f).
7
Suppose 32 = 4*q - 12. Suppose -b - b - 2*f + 246 = 0, -266 = -2*b + 3*f. Suppose 4*p = -q + b. List the prime factors of p.
29
Suppose -3*w + 6820 = 5*f - 5070, -5*w + 4*f = -19829. What are the prime factors of w?
5, 13, 61
Let p be 11/33 + (-74)/6. Let q(y) = -y**2 - 12*y + 4. Let v be q(p). Suppose -v*d + 6 = -2*d. List the prime factors of d.
3
Let z(r) be the third derivative of 71*r**4/24 - 19*r**3/6 + 52*r**2. What are the prime factors of z(4)?
5, 53
Let k(i) = -i**2 + i + 1. Let z(u) = 3*u**2 + 15*u + 5. Let j(b) = -4*k(b) - z(b). List the prime factors of j(21).
3, 11
Suppose 2*a = -a. Let p(z) = -z - 3. Let c be p(a). What are the prime factors of (-63)/c*(3 - 2)?
3, 7
What are the prime factors of (-53)/(11 - 6545/594)?
2, 3, 53
Let c be 1 + 1 - (0 - 22). Suppose 3*h + 2*h - 3*r - c = 0, -h = r. Suppose -2*g + 105 = h*g. What are the prime factors of g?
3, 7
Let p(h) = 4*h**2 + 33. List the prime factors of p(10).
433
Suppose -j = -2*d - 165, -136 = -5*j + 2*d + 705. List the prime factors of j.
13
Let j be 9 - (2 + (-2 - -4)). Suppose 4*h = -n - 15, 2*h - 7 = -j*n + 8. Suppose 0 = -n*f + 2*v + 322, 0*f - 68 = -f + 4*v. What are the prime factors of f?
2
Let t(v) = -23*v - 18. Let u(a) = -2*a - 27. Let o be u(-11). What are the prime factors of t(o)?
97
Suppose 2*h = -4 - 12. Let s = h + 19. List the prime factors of s.
11
Let v = -84 - -400. Suppose v = 3*l - 4*w, 2*l + 92 = 3*l + 2*w. What are the prime factors of l?
2, 5
Let w(q) = q**3 + 6*q**2 + q + 8. Let h be w(-6). Let g be (h/(-1))/((-2)/5). Suppose 10 = 5*l, -g*l - 3 + 19 = v. List the prime factors of v.
2, 3
Let y(u) = -9 - 12 + 10*u**2 - u**3 - 8 - 9*u + 18. What are the prime factors of y(8)?
3, 5
Let q(k) = k + 9 - 4 - 3 - 6. What are the prime factors of q(14)?
2, 5
Suppose -2*y = -i + 7, 0 = 2*i + y - 4. List the prime factors of 118/i - 16/48.
3, 13
List the prime factors of 18/(10 + -19) - (-224 + 1).
13, 17
Let a(u) = -u + 44. Let n be a(18). Let r = 83 - n. List the prime factors of r.
3, 19
Let w = -12 - -16. Suppose -n = -3*f + 2*f, -45 = -5*n - w*f. Suppose -n*k - 2*g + 0*g + 49 = 0, -g - 25 = -3*k. List the prime factors of k.
3
Let y(r) = 13*r**2 + 33*r**3 - 32*r**3 - 9 + 13*r - 1 - 2*r. Let z be y(-12). Suppose -z*u = -65 - 19. List the prime factors of u.
2, 3, 7
Let x = -362 - -562. List the prime factors of x.
2, 5
Let o(j) = -j**2 + 10*j - 22. Let q be o(5). Suppose -a + 293 = l - 57, -4*l = -q*a + 1071. List the prime factors of a.
353
Let l(u) = u**2 + 2. Let w be l(0). Suppose -o = w*j + 2*o - 178, -5*j = -o - 479. List the prime factors of j.
5, 19
Let l be (-6)/(-33) - (-14064)/(-33). Let h = -241 - l. What are the prime factors of h?
5, 37
Let x be (1/(-3))/((-32)/192). Suppose x*u + 1145 = 7*u - t, 3*u + 2*t = 700. What are the prime factors of u?
2, 5, 23
Let y(f) = -f**2 + 3*f + 500. Let p be y(0). Suppose -i = 5*n - 100, i = 6*i - 4*n - p. List the prime factors of i.
2, 5
Suppose -358 = -u - 5*c, 5*u - c = -0*u + 1686. Let v = -186 + u. What are the prime factors of v?
2, 19
Let y be (-2)/4 + 89/2 + -1. Let p = 53 - y. What are the prime factors of p?
2, 5
Suppose 5110*l = 5111*l - 840. List the prime factors of l.
2, 3, 5, 7
Suppose 2*l + 4*g = -l + 27, g - 36 = -4*l. Let o = l + -17. What are the prime factors of (18/o)/((-6)/64)?
2, 3
Suppose 22*r = 11*r + 847. List the prime factors of r.
7, 11
Suppose -41*m - 9*m = -11850. List the prime factors of m.
3, 79
Let r = 75 - 68. Let z(b) = 6*b - 10. List the prime factors of z(r).
2
Let k = 5 + 5. Let a(j) = -j**2 + 10*